{"id":2871,"date":"2023-09-13T20:28:15","date_gmt":"2023-09-13T20:28:15","guid":{"rendered":"http:\/\/lo5.szczecin.pl\/?page_id=2871"},"modified":"2026-08-07T10:50:37","modified_gmt":"2026-08-07T10:50:37","slug":"dokumenty-szkolne","status":"publish","type":"page","link":"https:\/\/lo5.szczecin.pl\/?page_id=2871","title":{"rendered":"Dokumenty szkolne"},"content":{"rendered":"<p><span style=\"color: #000000;\">Obowi\u0105zuj\u0105cy&nbsp;<a href=\"https:\/\/lo5.szczecin.pl\/wp-content\/uploads\/2025\/10\/STATUT_akt.pdf\">STATUT<\/a> V Liceum Og\u00f3lnokszta\u0142c\u0105cego z Oddzia\u0142ami Dwuj\u0119zycznymi im. Adama Asnyka.<\/span><\/p>\n<p>&nbsp;<\/p>\n<p><a href=\"https:\/\/lo5.szczecin.pl\/wp-content\/uploads\/2026\/08\/SOM_V_LO_Szczecin__aktualizacja-31_07_26.pdf\">STANDARDY OCHRONY MA\u0141OLETNICH<\/a> w V Liceum Og\u00f3lnokszta\u0142c\u0105cym z Oddzia\u0142ami Dwuj\u0119zycznymi im. Adama Asnyka w Szczecinie.<\/p>\n<p><a href=\"https:\/\/lo5.szczecin.pl\/wp-content\/uploads\/2026\/06\/standary_VLOzOD.jpg\"><img fetchpriority=\"high\" decoding=\"async\" class=\"aligncenter wp-image-3885\" src=\"https:\/\/lo5.szczecin.pl\/wp-content\/uploads\/2026\/06\/standary_VLOzOD.jpg\" alt=\"Standardy ochrony ma\u0142oletnich plakat\" width=\"271\" height=\"383\" srcset=\"https:\/\/lo5.szczecin.pl\/wp-content\/uploads\/2026\/06\/standary_VLOzOD.jpg 566w, https:\/\/lo5.szczecin.pl\/wp-content\/uploads\/2026\/06\/standary_VLOzOD-212x300.jpg 212w\" sizes=\"(max-width: 271px) 100vw, 271px\" \/><\/a><\/p>\n<p>Planowane zadania z zakresu <a href=\"https:\/\/lo5.szczecin.pl\/wp-content\/uploads\/2025\/10\/VLO-WSDZ-PROGRAM-ROCZNY-2025-2026.pdf\" target=\"_blank\" rel=\"noopener\">doradztwa zawodowego<\/a> w roku szkolnym 2025\/2026.<\/p>\n<p><a href=\"https:\/\/lo5.szczecin.pl\/wp-content\/uploads\/2024\/09\/VLO-WSDZ.pdf\">Wewn\u0105trzszkolny system doradztwa zawodowego.<\/a><\/p>\n<p><a href=\"https:\/\/lo5.szczecin.pl\/wp-content\/uploads\/2025\/10\/Program-wychowawczo-profilaktyczny_VLOzOD_25_26.pdf\">Program profilaktyczno-wychowawczy na rok szkolny 2025\/2026.<\/a><\/p>\n<p>&nbsp;<\/p>\n<p><a href=\"https:\/\/lo5.szczecin.pl\/wp-content\/uploads\/2024\/03\/DDC2_2024.pdf\" target=\"_blank\" rel=\"noopener\">Deklaracja<\/a> dost\u0119pno\u015bci cyfrowej na rok 2024.<\/p>\n<p><a href=\"https:\/\/lo5.szczecin.pl\/wp-content\/uploads\/2024\/07\/REGULAMIN-KORZYSTANIA-Z-OBIEKTOW-SPORTOWYCH-VLO-aktualizacja-15_07_2024.pdf\">REGULAMIN KORZYSTANIA Z OBIEKTO\u0301W SPORTOWYCH VLO aktualizacja 15_07_2024<\/a><\/p>\n<p><a href=\"https:\/\/lo5.szczecin.pl\/wp-content\/uploads\/2024\/07\/cennik-obiekty-sportowe-V-LO.pdf\">Cennik obiekty sportowe V LO<\/a><\/p>\n","protected":false},"excerpt":{"rendered":"<p>Obowi\u0105zuj\u0105cy&nbsp;STATUT V Liceum Og\u00f3lnokszta\u0142c\u0105cego z Oddzia\u0142ami Dwuj\u0119zycznymi im. Adama Asnyka. &nbsp; STANDARDY OCHRONY MA\u0141OLETNICH w V Liceum Og\u00f3lnokszta\u0142c\u0105cym z Oddzia\u0142ami Dwuj\u0119zycznymi im. Adama Asnyka w Szczecinie. Planowane zadania z zakresu doradztwa zawodowego w roku szkolnym 2025\/2026. Wewn\u0105trzszkolny system doradztwa zawodowego. Program profilaktyczno-wychowawczy na rok szkolny 2025\/2026. &nbsp; Deklaracja dost\u0119pno\u015bci cyfrowej [&hellip;]<\/p>\n","protected":false},"author":2,"featured_media":0,"parent":0,"menu_order":0,"comment_status":"closed","ping_status":"closed","template":"","meta":{"ngg_post_thumbnail":0,"footnotes":""},"folder":[],"class_list":["post-2871","page","type-page","status-publish","hentry"],"_links":{"self":[{"href":"https:\/\/lo5.szczecin.pl\/index.php?rest_route=\/wp\/v2\/pages\/2871","targetHints":{"allow":["GET"]}}],"collection":[{"href":"https:\/\/lo5.szczecin.pl\/index.php?rest_route=\/wp\/v2\/pages"}],"about":[{"href":"https:\/\/lo5.szczecin.pl\/index.php?rest_route=\/wp\/v2\/types\/page"}],"author":[{"embeddable":true,"href":"https:\/\/lo5.szczecin.pl\/index.php?rest_route=\/wp\/v2\/users\/2"}],"replies":[{"embeddable":true,"href":"https:\/\/lo5.szczecin.pl\/index.php?rest_route=%2Fwp%2Fv2%2Fcomments&post=2871"}],"version-history":[{"count":30,"href":"https:\/\/lo5.szczecin.pl\/index.php?rest_route=\/wp\/v2\/pages\/2871\/revisions"}],"predecessor-version":[{"id":3977,"href":"https:\/\/lo5.szczecin.pl\/index.php?rest_route=\/wp\/v2\/pages\/2871\/revisions\/3977"}],"wp:attachment":[{"href":"https:\/\/lo5.szczecin.pl\/index.php?rest_route=%2Fwp%2Fv2%2Fmedia&parent=2871"}],"wp:term":[{"taxonomy":"folder","embeddable":true,"href":"https:\/\/lo5.szczecin.pl\/index.php?rest_route=%2Fwp%2Fv2%2Ffolder&post=2871"}],"curies":[{"name":"wp","href":"https:\/\/api.w.org\/{rel}","templated":true}]}}

<p><span style="color: #000000;">Obowiązujący&nbsp;<a href="https://lo5.szczecin.pl/wp-content/uploads/2025/10/STATUT_akt.pdf">STATUT</a> V Liceum Ogólnokształcącego z Oddziałami Dwujęzycznymi im. Adama Asnyka.</span></p>
<p>&nbsp;</p>
<p><a href="https://lo5.szczecin.pl/wp-content/uploads/2026/08/SOM_V_LO_Szczecin__aktualizacja-31_07_26.pdf">STANDARDY OCHRONY MAŁOLETNICH</a> w V Liceum Ogólnokształcącym z Oddziałami Dwujęzycznymi im. Adama Asnyka w Szczecinie.</p>
<p><a href="https://lo5.szczecin.pl/wp-content/uploads/2026/06/standary_VLOzOD.jpg"><img fetchpriority="high" decoding="async" class="aligncenter wp-image-3885" src="https://lo5.szczecin.pl/wp-content/uploads/2026/06/standary_VLOzOD.jpg" alt="Standardy ochrony małoletnich plakat" width="271" height="383" srcset="https://lo5.szczecin.pl/wp-content/uploads/2026/06/standary_VLOzOD.jpg 566w, https://lo5.szczecin.pl/wp-content/uploads/2026/06/standary_VLOzOD-212x300.jpg 212w" sizes="(max-width: 271px) 100vw, 271px" /></a></p>
<p>Planowane zadania z zakresu <a href="https://lo5.szczecin.pl/wp-content/uploads/2025/10/VLO-WSDZ-PROGRAM-ROCZNY-2025-2026.pdf" target="_blank" rel="noopener">doradztwa zawodowego</a> w roku szkolnym 2025/2026.</p>
<p><a href="https://lo5.szczecin.pl/wp-content/uploads/2024/09/VLO-WSDZ.pdf">Wewnątrzszkolny system doradztwa zawodowego.</a></p>
<p><a href="https://lo5.szczecin.pl/wp-content/uploads/2025/10/Program-wychowawczo-profilaktyczny_VLOzOD_25_26.pdf">Program profilaktyczno-wychowawczy na rok szkolny 2025/2026.</a></p>
<p>&nbsp;</p>
<p><a href="https://lo5.szczecin.pl/wp-content/uploads/2024/03/DDC2_2024.pdf" target="_blank" rel="noopener">Deklaracja</a> dostępności cyfrowej na rok 2024.</p>
<p><a href="https://lo5.szczecin.pl/wp-content/uploads/2024/07/REGULAMIN-KORZYSTANIA-Z-OBIEKTOW-SPORTOWYCH-VLO-aktualizacja-15_07_2024.pdf">REGULAMIN KORZYSTANIA Z OBIEKTÓW SPORTOWYCH VLO aktualizacja 15_07_2024</a></p>
<p><a href="https://lo5.szczecin.pl/wp-content/uploads/2024/07/cennik-obiekty-sportowe-V-LO.pdf">Cennik obiekty sportowe V LO</a></p>

<p>Obowiązujący&nbsp;STATUT V Liceum Ogólnokształcącego z Oddziałami Dwujęzycznymi im. Adama Asnyka. &nbsp; STANDARDY OCHRONY MAŁOLETNICH w V Liceum Ogólnokształcącym z Oddziałami Dwujęzycznymi im. Adama Asnyka w Szczecinie. Planowane zadania z zakresu doradztwa zawodowego w roku szkolnym 2025/2026. Wewnątrzszkolny system doradztwa zawodowego. Program profilaktyczno-wychowawczy na rok szkolny 2025/2026. &nbsp; Deklaracja dostępności cyfrowej [&hellip;]</p>
