{"id":2470,"date":"2023-05-27T13:50:08","date_gmt":"2023-05-27T13:50:08","guid":{"rendered":"http:\/\/lo5.szczecin.pl\/?page_id=2470"},"modified":"2025-11-06T19:37:34","modified_gmt":"2025-11-06T19:37:34","slug":"konsultacje","status":"publish","type":"page","link":"https:\/\/lo5.szczecin.pl\/?page_id=2470","title":{"rendered":"Konsultacje"},"content":{"rendered":"<p><strong>Konsultacje odbywaj\u0105 si\u0119 po wcze\u015bniejszym um\u00f3wieniu spotkania:<\/strong><\/p>\n<p>&nbsp;<\/p>\n<table width=\"760\">\n<tbody>\n<tr>\n<td width=\"344\">Beata Chajda<\/td>\n<td width=\"176\">wtorek&nbsp;<\/td>\n<td width=\"240\">7:25<\/td>\n<\/tr>\n<tr>\n<td>Berdy\u0144ska Beata<\/td>\n<td>\u015broda<\/td>\n<td>15:45<\/td>\n<\/tr>\n<tr>\n<td>Chojnacka Miros\u0142awa<\/td>\n<td>\u015broda<\/td>\n<td>16:00 &#8211; 17:00<\/td>\n<\/tr>\n<tr>\n<td>Dunin \u2013 W\u0105sowicz Justyna<\/td>\n<td>poniedzia\u0142ek&nbsp;<\/td>\n<td>15.45-16.30<\/td>\n<\/tr>\n<tr>\n<td>Fenrych Zofia<\/td>\n<td>wtorek<\/td>\n<td>9.05-9.50<\/td>\n<\/tr>\n<tr>\n<td>Ferta\u0142a Izabela<\/td>\n<td>pi\u0105tek<\/td>\n<td>15:00<\/td>\n<\/tr>\n<tr>\n<td>Franczak Anna<\/td>\n<td>Pi\u0105tek<\/td>\n<td>15.00<\/td>\n<\/tr>\n<tr>\n<td>Gajewska Karolina<\/td>\n<td>poniedzia\u0142ek&nbsp;<\/td>\n<td>15:00-15:45<\/td>\n<\/tr>\n<tr>\n<td>Gracz Leszek<\/td>\n<td>wtorek&nbsp;<\/td>\n<td>14:10-15:55<\/td>\n<\/tr>\n<tr>\n<td>Jab\u0142o\u0144ska Joanna<\/td>\n<td>poniedzia\u0142ek&nbsp;<\/td>\n<td>14.10-14.55<\/td>\n<\/tr>\n<tr>\n<td>Jankowska Kinga<\/td>\n<td>poniedzia\u0142ek&nbsp;<\/td>\n<td>16:00 &#8211; 17:00<\/td>\n<\/tr>\n<tr>\n<td>Jarota Joanna<\/td>\n<td>czwartek&nbsp;<\/td>\n<td>7:25<\/td>\n<\/tr>\n<tr>\n<td>Joanna Jab\u0142o\u0144ska<\/td>\n<td>pi\u0105tek<\/td>\n<td>8.15-9.00<\/td>\n<\/tr>\n<tr>\n<td>Kacperska El\u017cbieta<\/td>\n<td>wtorek&nbsp;<\/td>\n<td>14-15<\/td>\n<\/tr>\n<tr>\n<td>Kierzkowska-St\u0119pkowska Anna<\/td>\n<td>poniedzia\u0142ek&nbsp;<\/td>\n<td>7:30<\/td>\n<\/tr>\n<tr>\n<td>Knypi\u0144ski Artur<\/td>\n<td>pi\u0105tek<\/td>\n<td>15.00-15.45<\/td>\n<\/tr>\n<tr>\n<td>Koprowicz Pawe\u0142<\/td>\n<td>czwartek<\/td>\n<td>15.45<\/td>\n<\/tr>\n<tr>\n<td>Ko\u015bkiewicz Anna<\/td>\n<td>poniedzia\u0142ek&nbsp;<\/td>\n<td>7:20<\/td>\n<\/tr>\n<tr>\n<td>Kowalczyk Julita<\/td>\n<td>\u015broda&nbsp;<\/td>\n<td>14.55<\/td>\n<\/tr>\n<tr>\n<td>Kowalik Katarzyna<\/td>\n<td>poniedzia\u0142ek&nbsp;<\/td>\n<td>7:25<\/td>\n<\/tr>\n<tr>\n<td>Kowalski Arnold<\/td>\n<td>poniedzia\u0142ek&nbsp;<\/td>\n<td>8:05-9:00<\/td>\n<\/tr>\n<tr>\n<td>Kraszewska Agnieszka<\/td>\n<td>wtorek<\/td>\n<td>15:50-16:35<\/td>\n<\/tr>\n<tr>\n<td>Krywult Przemys\u0142aw<\/td>\n<td>\u015broda&nbsp;<\/td>\n<td>7.20 -8.05<\/td>\n<\/tr>\n<tr>\n<td>Lisak Piotr<\/td>\n<td>\u015broda&nbsp;<\/td>\n<td>15 &#8211; 15.45<\/td>\n<\/tr>\n<tr>\n<td>Makles Krzysztof<\/td>\n<td>czwartek&nbsp;<\/td>\n<td>15:50-16:35<\/td>\n<\/tr>\n<tr>\n<td>Marzena Nowosad<\/td>\n<td>czwartek&nbsp;<\/td>\n<td>14.00 -14.45<\/td>\n<\/tr>\n<tr>\n<td>Mazur Agnieszka<\/td>\n<td>Czwartek&nbsp;<\/td>\n<td>7:30<\/td>\n<\/tr>\n<tr>\n<td>Mikielewicz-Patyk Anna<\/td>\n<td>\u015aroda&nbsp;<\/td>\n<td>7:20<\/td>\n<\/tr>\n<tr>\n<td>Misiak Anna<\/td>\n<td>czwartek&nbsp;<\/td>\n<td>15.00-15.45<\/td>\n<\/tr>\n<tr>\n<td>M\u0142ynarczyk Marta<\/td>\n<td>wtorek<\/td>\n<td>08:15-9:00<\/td>\n<\/tr>\n<tr>\n<td>Moskowicz Barbara<\/td>\n<td>czwartek&nbsp;<\/td>\n<td>15:00 &#8211; 15:45<\/td>\n<\/tr>\n<tr>\n<td>Muzio\u0142&nbsp; S\u0142awomir<\/td>\n<td>pi\u0105tek<\/td>\n<td>15:00 &#8211; 15:45<\/td>\n<\/tr>\n<tr>\n<td>Nowicka-Kochaniak Teresa<\/td>\n<td>\u015broda&nbsp;<\/td>\n<td>15.50-16.35<\/td>\n<\/tr>\n<tr>\n<td>Obia\u0142a Tomasz<\/td>\n<td>Poniedzia\u0142ek<\/td>\n<td>7:20<\/td>\n<\/tr>\n<tr>\n<td>Piechota Ewa<\/td>\n<td>czwartek&nbsp;<\/td>\n<td>15:00<\/td>\n<\/tr>\n<tr>\n<td>Piwudzka Joanna<\/td>\n<td>poniedzia\u0142ek&nbsp;<\/td>\n<td>7:20<\/td>\n<\/tr>\n<tr>\n<td>S\u0142otwi\u0144ska Ma\u0142gorzata&nbsp;&nbsp;<\/td>\n<td>poniedzia\u0142ek&nbsp;<\/td>\n<td>7:20<\/td>\n<\/tr>\n<tr>\n<td>Stafiej Joanna<\/td>\n<td>poniedzia\u0142ek&nbsp;<\/td>\n<td>7.20-8.05<\/td>\n<\/tr>\n<tr>\n<td>Sta\u0144czyk Angelika<\/td>\n<td>wtorek&nbsp;<\/td>\n<td>7.20-8.05<\/td>\n<\/tr>\n<tr>\n<td>Sta\u0144czyk-Dunaj&nbsp; Ma\u0142gorzata<\/td>\n<td>wtorek&nbsp;<\/td>\n<td>7:20 &#8211; 8:05<\/td>\n<\/tr>\n<tr>\n<td>Stochmal Lilianna&nbsp;<\/td>\n<td>czwartek&nbsp;<\/td>\n<td>7:20<\/td>\n<\/tr>\n<tr>\n<td>Szkibiel Ewa<\/td>\n<td>\u015broda<\/td>\n<td>15:00 &#8211; 15:45<\/td>\n<\/tr>\n<tr>\n<td>Szkibiel Grzegorz<\/td>\n<td>czwartek&nbsp;<\/td>\n<td>14:00 &#8212; 15:00<\/td>\n<\/tr>\n<tr>\n<td>Szuman Micha\u0142<\/td>\n<td>czwartek&nbsp;<\/td>\n<td>15.00 &#8211; 16.00<\/td>\n<\/tr>\n<tr>\n<td>Szyma\u0144ska Agnieszka<\/td>\n<td>poniedzia\u0142ek&nbsp;<\/td>\n<td>15:45- 16:30<\/td>\n<\/tr>\n<tr>\n<td>Weso\u0142owska Justyna<\/td>\n<td>Poniedzia\u0142ek<\/td>\n<td>15:45-16:30<\/td>\n<\/tr>\n<tr>\n<td>Wi\u0119ckowska Kamila<\/td>\n<td>czwartek&nbsp;<\/td>\n<td>15.00-15.45<\/td>\n<\/tr>\n<\/tbody>\n<\/table>\n<p>&nbsp;<\/p>\n<p>&nbsp;<\/p>\n","protected":false},"excerpt":{"rendered":"<p>Konsultacje odbywaj\u0105 si\u0119 po wcze\u015bniejszym um\u00f3wieniu spotkania: &nbsp; Beata Chajda wtorek&nbsp; 7:25 Berdy\u0144ska Beata \u015broda 15:45 Chojnacka Miros\u0142awa \u015broda 16:00 &#8211; 17:00 Dunin \u2013 W\u0105sowicz Justyna poniedzia\u0142ek&nbsp; 15.45-16.30 Fenrych Zofia wtorek 9.05-9.50 Ferta\u0142a Izabela pi\u0105tek 15:00 Franczak Anna Pi\u0105tek 15.00 Gajewska Karolina poniedzia\u0142ek&nbsp; 15:00-15:45 Gracz Leszek wtorek&nbsp; 14:10-15:55 Jab\u0142o\u0144ska Joanna [&hellip;]<\/p>\n","protected":false},"author":1,"featured_media":0,"parent":2340,"menu_order":0,"comment_status":"closed","ping_status":"closed","template":"","meta":{"ngg_post_thumbnail":0,"footnotes":""},"folder":[],"class_list":["post-2470","page","type-page","status-publish","hentry"],"_links":{"self":[{"href":"https:\/\/lo5.szczecin.pl\/index.php?rest_route=\/wp\/v2\/pages\/2470","targetHints":{"allow":["GET"]}}],"collection":[{"href":"https:\/\/lo5.szczecin.pl\/index.php?rest_route=\/wp\/v2\/pages"}],"about":[{"href":"https:\/\/lo5.szczecin.pl\/index.php?rest_route=\/wp\/v2\/types\/page"}],"author":[{"embeddable":true,"href":"https:\/\/lo5.szczecin.pl\/index.php?rest_route=\/wp\/v2\/users\/1"}],"replies":[{"embeddable":true,"href":"https:\/\/lo5.szczecin.pl\/index.php?rest_route=%2Fwp%2Fv2%2Fcomments&post=2470"}],"version-history":[{"count":17,"href":"https:\/\/lo5.szczecin.pl\/index.php?rest_route=\/wp\/v2\/pages\/2470\/revisions"}],"predecessor-version":[{"id":3711,"href":"https:\/\/lo5.szczecin.pl\/index.php?rest_route=\/wp\/v2\/pages\/2470\/revisions\/3711"}],"up":[{"embeddable":true,"href":"https:\/\/lo5.szczecin.pl\/index.php?rest_route=\/wp\/v2\/pages\/2340"}],"wp:attachment":[{"href":"https:\/\/lo5.szczecin.pl\/index.php?rest_route=%2Fwp%2Fv2%2Fmedia&parent=2470"}],"wp:term":[{"taxonomy":"folder","embeddable":true,"href":"https:\/\/lo5.szczecin.pl\/index.php?rest_route=%2Fwp%2Fv2%2Ffolder&post=2470"}],"curies":[{"name":"wp","href":"https:\/\/api.w.org\/{rel}","templated":true}]}}

<p><strong>Konsultacje odbywają się po wcześniejszym umówieniu spotkania:</strong></p>
<p>&nbsp;</p>
<table width="760">
<tbody>
<tr>
<td width="344">Beata Chajda</td>
<td width="176">wtorek&nbsp;</td>
<td width="240">7:25</td>
</tr>
<tr>
<td>Berdyńska Beata</td>
<td>środa</td>
<td>15:45</td>
</tr>
<tr>
<td>Chojnacka Mirosława</td>
<td>środa</td>
<td>16:00 &#8211; 17:00</td>
</tr>
<tr>
<td>Dunin – Wąsowicz Justyna</td>
<td>poniedziałek&nbsp;</td>
<td>15.45-16.30</td>
</tr>
<tr>
<td>Fenrych Zofia</td>
<td>wtorek</td>
<td>9.05-9.50</td>
</tr>
<tr>
<td>Fertała Izabela</td>
<td>piątek</td>
<td>15:00</td>
</tr>
<tr>
<td>Franczak Anna</td>
<td>Piątek</td>
<td>15.00</td>
</tr>
<tr>
<td>Gajewska Karolina</td>
<td>poniedziałek&nbsp;</td>
<td>15:00-15:45</td>
</tr>
<tr>
<td>Gracz Leszek</td>
<td>wtorek&nbsp;</td>
<td>14:10-15:55</td>
</tr>
<tr>
<td>Jabłońska Joanna</td>
<td>poniedziałek&nbsp;</td>
<td>14.10-14.55</td>
</tr>
<tr>
<td>Jankowska Kinga</td>
<td>poniedziałek&nbsp;</td>
<td>16:00 &#8211; 17:00</td>
</tr>
<tr>
<td>Jarota Joanna</td>
<td>czwartek&nbsp;</td>
<td>7:25</td>
</tr>
<tr>
<td>Joanna Jabłońska</td>
<td>piątek</td>
<td>8.15-9.00</td>
</tr>
<tr>
<td>Kacperska Elżbieta</td>
<td>wtorek&nbsp;</td>
<td>14-15</td>
</tr>
<tr>
<td>Kierzkowska-Stępkowska Anna</td>
<td>poniedziałek&nbsp;</td>
<td>7:30</td>
</tr>
<tr>
<td>Knypiński Artur</td>
<td>piątek</td>
<td>15.00-15.45</td>
</tr>
<tr>
<td>Koprowicz Paweł</td>
<td>czwartek</td>
<td>15.45</td>
</tr>
<tr>
<td>Kośkiewicz Anna</td>
<td>poniedziałek&nbsp;</td>
<td>7:20</td>
</tr>
<tr>
<td>Kowalczyk Julita</td>
<td>środa&nbsp;</td>
<td>14.55</td>
</tr>
<tr>
<td>Kowalik Katarzyna</td>
<td>poniedziałek&nbsp;</td>
<td>7:25</td>
</tr>
<tr>
<td>Kowalski Arnold</td>
<td>poniedziałek&nbsp;</td>
<td>8:05-9:00</td>
</tr>
<tr>
<td>Kraszewska Agnieszka</td>
<td>wtorek</td>
<td>15:50-16:35</td>
</tr>
<tr>
<td>Krywult Przemysław</td>
<td>środa&nbsp;</td>
<td>7.20 -8.05</td>
</tr>
<tr>
<td>Lisak Piotr</td>
<td>środa&nbsp;</td>
<td>15 &#8211; 15.45</td>
</tr>
<tr>
<td>Makles Krzysztof</td>
<td>czwartek&nbsp;</td>
<td>15:50-16:35</td>
</tr>
<tr>
<td>Marzena Nowosad</td>
<td>czwartek&nbsp;</td>
<td>14.00 -14.45</td>
</tr>
<tr>
<td>Mazur Agnieszka</td>
<td>Czwartek&nbsp;</td>
<td>7:30</td>
</tr>
<tr>
<td>Mikielewicz-Patyk Anna</td>
<td>Środa&nbsp;</td>
<td>7:20</td>
</tr>
<tr>
<td>Misiak Anna</td>
<td>czwartek&nbsp;</td>
<td>15.00-15.45</td>
</tr>
<tr>
<td>Młynarczyk Marta</td>
<td>wtorek</td>
<td>08:15-9:00</td>
</tr>
<tr>
<td>Moskowicz Barbara</td>
<td>czwartek&nbsp;</td>
<td>15:00 &#8211; 15:45</td>
</tr>
<tr>
<td>Muzioł&nbsp; Sławomir</td>
<td>piątek</td>
<td>15:00 &#8211; 15:45</td>
</tr>
<tr>
<td>Nowicka-Kochaniak Teresa</td>
<td>środa&nbsp;</td>
<td>15.50-16.35</td>
</tr>
<tr>
<td>Obiała Tomasz</td>
<td>Poniedziałek</td>
<td>7:20</td>
</tr>
<tr>
<td>Piechota Ewa</td>
<td>czwartek&nbsp;</td>
<td>15:00</td>
</tr>
<tr>
<td>Piwudzka Joanna</td>
<td>poniedziałek&nbsp;</td>
<td>7:20</td>
</tr>
<tr>
<td>Słotwińska Małgorzata&nbsp;&nbsp;</td>
<td>poniedziałek&nbsp;</td>
<td>7:20</td>
</tr>
<tr>
<td>Stafiej Joanna</td>
<td>poniedziałek&nbsp;</td>
<td>7.20-8.05</td>
</tr>
<tr>
<td>Stańczyk Angelika</td>
<td>wtorek&nbsp;</td>
<td>7.20-8.05</td>
</tr>
<tr>
<td>Stańczyk-Dunaj&nbsp; Małgorzata</td>
<td>wtorek&nbsp;</td>
<td>7:20 &#8211; 8:05</td>
</tr>
<tr>
<td>Stochmal Lilianna&nbsp;</td>
<td>czwartek&nbsp;</td>
<td>7:20</td>
</tr>
<tr>
<td>Szkibiel Ewa</td>
<td>środa</td>
<td>15:00 &#8211; 15:45</td>
</tr>
<tr>
<td>Szkibiel Grzegorz</td>
<td>czwartek&nbsp;</td>
<td>14:00 &#8212; 15:00</td>
</tr>
<tr>
<td>Szuman Michał</td>
<td>czwartek&nbsp;</td>
<td>15.00 &#8211; 16.00</td>
</tr>
<tr>
<td>Szymańska Agnieszka</td>
<td>poniedziałek&nbsp;</td>
<td>15:45- 16:30</td>
</tr>
<tr>
<td>Wesołowska Justyna</td>
<td>Poniedziałek</td>
<td>15:45-16:30</td>
</tr>
<tr>
<td>Więckowska Kamila</td>
<td>czwartek&nbsp;</td>
<td>15.00-15.45</td>
</tr>
</tbody>
</table>
<p>&nbsp;</p>
<p>&nbsp;</p>

<p>Konsultacje odbywają się po wcześniejszym umówieniu spotkania: &nbsp; Beata Chajda wtorek&nbsp; 7:25 Berdyńska Beata środa 15:45 Chojnacka Mirosława środa 16:00 &#8211; 17:00 Dunin – Wąsowicz Justyna poniedziałek&nbsp; 15.45-16.30 Fenrych Zofia wtorek 9.05-9.50 Fertała Izabela piątek 15:00 Franczak Anna Piątek 15.00 Gajewska Karolina poniedziałek&nbsp; 15:00-15:45 Gracz Leszek wtorek&nbsp; 14:10-15:55 Jabłońska Joanna [&hellip;]</p>
